5250?
True
Does 109 divide 4308?
False
Is 9 a factor of 136260?
True
Is 66443 a multiple of 13?
True
Is 17 a factor of 54?
False
Is 9 a factor of 1665?
True
Does 51 divide 255?
True
Is 225 a factor of 36210?
False
Is 82032 a multiple of 16?
True
Is 28 a factor of 6944?
True
Is 76 a factor of 97?
False
Is 90973 a multiple of 29?
True
Is 28 a factor of 1876?
True
Is 1080 a multiple of 11?
False
Is 79 a factor of 733?
False
Is 23 a factor of 2339?
False
Does 11 divide 22?
True
Is 46 a factor of 2730?
False
Is 37694 a multiple of 75?
False
Is 11968 a multiple of 64?
True
Is 42903 a multiple of 227?
True
Is 10 a factor of 22900?
True
Does 31 divide 1600?
False
Does 47 divide 50468?
False
Is 29 a factor of 203?
True
Is 34 a factor of 708?
False
Is 50731 a multiple of 18?
False
Does 13 divide 481?
True
Is 988 a multiple of 38?
True
Does 12 divide 11346?
False
Is 66 a factor of 7755?
False
Is 770 a multiple of 22?
True
Is 11 a factor of 561?
True
Is 13 a factor of 3752?
False
Is 5054 a multiple of 38?
True
Does 10 divide 11740?
True
Does 106 divide 178298?
False
Is 55 a factor of 787?
False
Does 4 divide 504?
True
Is 55511 a multiple of 6?
False
Is 1441 a multiple of 30?
False
Does 3 divide 114?
True
Does 14 divide 826?
True
Does 43 divide 3354?
True
Is 5 a factor of 13765?
True
Does 237 divide 446?
False
Does 54 divide 648?
True
Is 17 a factor of 3340?
False
Is 1087 a multiple of 8?
False
Is 9247 a multiple of 152?
False
Does 27 divide 223?
False
Is 13393 a multiple of 84?
False
Is 5559 a multiple of 4?
False
Does 42 divide 15326?
False
Is 4 a factor of 4513?
False
Is 5457 a multiple of 51?
True
Is 236 a multiple of 59?
True
Is 106 a factor of 22957?
False
Does 181 divide 1629?
True
Is 104 a factor of 3338?
False
Is 12 a factor of 131?
False
Does 3 divide 13?
False
Is 120 a multiple of 24?
True
Does 8 divide 26912?
True
Is 275 even?
False
Is 41 a factor of 2419?
True
Is 12 a factor of 41?
False
Is 9 a factor of 28?
False
Does 166 divide 12948?
True
Is 4 a factor of 1128?
True
Does 31 divide 1643?
True
Is 7 a factor of 3995?
False
Does 21 divide 376?
False
Is 915 a multiple of 6?
False
Is 481 a multiple of 5?
False
Is 6920 a multiple of 34?
False
Does 90 divide 19800?
True
Is 13 a factor of 496?
False
Is 17 a multiple of 17?
True
Does 88 divide 2112?
True
Does 13 divide 2028?
True
Is 560 a multiple of 28?
True
Is 4725 a multiple of 31?
False
Is 29 a factor of 638?
True
Is 689 a multiple of 20?
False
Is 2 a factor of 944?
True
Is 612 a multiple of 34?
True
Is 220 a multiple of 20?
True
Does 4 divide 384?
True
Is 1167 a multiple of 34?
False
Is 51 a multiple of 3?
True
Does 2 divide 39?
False
Is 8 a factor of 2248?
True
Is 192 a multiple of 6?
True
Is 16407 a multiple of 11?
False
Does 33 divide 5709?
True
Is 2200 a multiple of 8?
True
Is 91 a multiple of 2?
False
Is 16379 a multiple of 22?
False
Is 34 a factor of 3842?
True
Does 54 divide 379?
False
Is 48 a multiple of 4?
True
Is 12 a factor of 35?
False
Is 700 a multiple of 50?
True
Does 140 divide 18948?
False
Is 27 a factor of 216?
True
Is 2169 a multiple of 2?
False
Is 16 a factor of 1552?
True
Is 39 a factor of 195?
True
Is 85 a factor of 170?
True
Is 1393 a multiple of 9?
False
Is 8 a factor of 106?
False
Does 6 divide 3000?
True
Is 17 a factor of 11531?
False
Does 27 divide 103?
False
Does 130 divide 28340?
True
Is 1497 a multiple of 47?
False
Is 8265 a multiple of 145?
True
Is 85375 a multiple of 120?
False
Is 15 a factor of 4245?
True
Is 1264 a multiple of 2?
True
Does 13 divide 129571?
True
Is 9 a factor of 305?
False
Is 17 a factor of 361?
False
Does 7 divide 19611?
False
Does 16 divide 608?
True
Is 2653 a multiple of 99?
False
Is 11963 a multiple of 40?
False
Is 7 a factor of 47166?
True
Is 98 a multiple of 7?
True
Does 12 divide 152676?
True
Is 10 a factor of 1459?
False
Is 711 a multiple of 25?
False
Does 17 divide 25090?
False
Is 56 a factor of 1456?
True
Is 24 a factor of 211?
False
Is 2133 a multiple of 9?
True
Does 58 divide 1217?
False
Is 6 a factor of 29267?
False
Is 20520 a multiple of 57?
True
Is 24 a factor of 8088?
True
Does 57 divide 5691?
False
Is 33009 a multiple of 94?
False
Is 58 a factor of 2140?
False
Is 15 a factor of 19050?
True
Is 21 a multiple of 4?
False
Is 3 a factor of 129?
True
Does 49 divide 6615?
True
Is 44 a factor of 18524?
True
Does 14 divide 33795?
False
Is 22925 a multiple of 8?
False
Is 79 a factor of 316?
True
Does 94 divide 1692?
True
Is 92612 a multiple of 338?
True
Is 5304 a multiple of 39?
True
Is 114144 a multiple of 16?
True
Is 286 a factor of 88946?
True
Is 28 a factor of 116676?
True
Is 7644 a multiple of 196?
True
Is 90 a factor of 1719?
False
Is 2218 a multiple of 2?
True
Does 3 divide 264?
True
Is 4035 a multiple of 56?
False
Does 50 divide 4050?
True
Does 12 divide 217?
False
Does 9 divide 13111?
False
Does 36 divide 8824?
False
Is 476 a multiple of 34?
True
Is 34 a multiple of 34?
True
Is 19 a factor of 798?
True
Is 23 a factor of 1081?
True
Is 5768 a multiple of 23?
False
Is 18 a factor of 954?
True
Is 38 a factor of 37396?
False
Does 9 divide 531?
True
Is 34 a factor of 204?
True
Is 783 a multiple of 27?
True
Does 14 divide 532?
True
Is 271 a multiple of 8?
False
Does 41 divide 30298?
False
Is 11 a factor of 1265?
True
Is 8 a factor of 1651?
False
Does 259 divide 88131?
False
Does 48 divide 8976?
True
Is 15 a factor of 643?
False
Does 37 divide 1924?
True
Is 50 a factor of 1132?
False
Is 726 a multiple of 6?
True
Is 22 a factor of 24952?
False
Is 496 a multiple of 3?
False
Is 12 a factor of 5061?
False
Does 98 divide 2462?
False
Is 10 a factor of 3276?
False
Is 45 a factor of 8084?
False
Is 15 a factor of 1110?
True
Is 25 a factor of 509?
False
Is 13020 a multiple of 6?
True
Does 22 divide 2882?
True
Is 101 a factor of 10100?
True
Does 26 divide 2585?
False
Is 2871 a multiple of 62?
False
Is 28122 a multiple of 218?
True
Does 22 divide 43603?
False
Is 1734 a multiple of 34?
True
Is 38540 a multiple of 41?
True
Does 4 divide 9?
False
Is 153 a multiple of 2?
False
Does 25 divide 3025?
True
Does 30 divide 5616?
False
Is 3555 a multiple of 9?
True
Is 5525 a multiple of 25?
True
Is 9 a factor of 1962?
True
Is 29 a factor of 4560?
False
Is 96 a factor of 804?
False
Is 234 a multiple of 18?
True
Does 23 divide 4991?
True
Is 5375 a multiple of 43?
True
Does 213 divide 4260?
True
Is 49 a factor of 2643?
False
Does 5 divide 152?
False
Is 239 a multiple of 82?
False
Does 83 divide 2852?
False
Is 25 a factor of 1920?
False
Is 4204 a multiple of 2?
True
Is 84 a factor of 682?
False
Is 17 a factor of 1285?
False
Is 31412 a multiple of 40?
False
Is 2249 a multiple of 47?
False
Does 20 divide 103?
False
Does 15 divide 2096?
False
Is 15440 a multiple of 8?
True
Is 12797 a multiple of 2?
False
Is 16316 a multiple of 32?
False
Does 50 divide 1050?
True
Is 7 a factor of 679?
True
Does 64 divide 256?
True
Is 104 a factor of 27352?
True
Is 7127 a multiple of 56?
False
Is 27 a factor of 25717?
False
Is 116 a factor of 464?
True
Does 8 divide 736?
True
Is 48 a multiple of 24?
True
Is 212 even?
True
Does 25 divide 409?
False
Does 66 divide 36199?
False
Does 19 divide 43586?
True
Is 5976 a multiple of 83?
True
Is 20 a factor of 480?
True
Is 3375 a multiple of 45?
True
Is 42 a factor of 17534?
False
Is 38 a factor of 874?
True
Is 299 a multiple of 23?
True
Is 85 a factor of 4760?
True
Is 2882 a multiple of 24?
False
Does 42 divide 4224?
False
Is 2783 a multiple of 24?
False
Is 1154 a multiple of 8?
False
Is 2 a factor of 529?
False
Does 64 divide 12416?
True
Is 56 a factor of 448?
True
Does 75 divide 36075?
True
Is 208 a multiple of 3?
False
Is 14 a factor of 5111?
False
Is 3715 a multiple of 285?
False
Does 85 divide 6682?
False
Is 7276 a multiple of 34?
True
Does 40 divide 400?
True
Does 6 divide 456?
True
Is 10 a factor of 64?
False
Does 12 divide 348?
True
Is 3096 a multiple of 9?
True
Is 9534 a multiple of 122?
False
Is 24133 a multiple of 38?
False
Is 44 a factor of 3392?
False
Does 56 divide 9184?
True
Does 166 divide 478?
False
Is 83 a factor of 5229?
True
Is 576 a multiple of 16?
True
Is 769 a multiple of 57?
False
Is 3796 a multiple of 13?
True
Is 9999 a multiple of 9?
True
Is 8 a factor of 576?
True
Is 9 a factor of 708?
False
Is 21 a factor of 3890?
